{"id":31339,"date":"2026-03-09T08:09:31","date_gmt":"2026-03-09T08:09:31","guid":{"rendered":"https:\/\/swissyarnfestival.ch\/?page_id=31339"},"modified":"2026-03-12T10:08:36","modified_gmt":"2026-03-12T10:08:36","slug":"programm-2-4-2","status":"publish","type":"page","link":"https:\/\/swissyarnfestival.ch\/?page_id=31339","title":{"rendered":"Aktion Umarmungstuch"},"content":{"rendered":"\n<style type=\"text\/css\" data-created_by=\"avia_inline_auto\" id=\"style-css-av-m7uwmw70-424d57c425570aca70df61a3e247f7b2\">\n#top .av-special-heading.av-m7uwmw70-424d57c425570aca70df61a3e247f7b2{\npadding-bottom:10px;\n}\nbody .av-special-heading.av-m7uwmw70-424d57c425570aca70df61a3e247f7b2 .av-special-heading-tag .heading-char{\nfont-size:25px;\n}\n.av-special-heading.av-m7uwmw70-424d57c425570aca70df61a3e247f7b2 .av-subheading{\nfont-size:15px;\n}\n<\/style>\n<div  class='av-special-heading av-m7uwmw70-424d57c425570aca70df61a3e247f7b2 av-special-heading-h4  avia-builder-el-0  el_before_av_hr  avia-builder-el-first '><h4 class='av-special-heading-tag '  itemprop=\"headline\"  >Gemeinsam stricken beim Swiss Yarn Festival \u2013 mach mit bei der Umarmungstuch-Aktion<\/h4><div class=\"special-heading-border\"><div class=\"special-heading-inner-border\"><\/div><\/div><\/div>\n\n<style type=\"text\/css\" data-created_by=\"avia_inline_auto\" id=\"style-css-av-mmiwgqsu-f04d79abfd56fb780e2fadf6702fed15\">\n#top .hr.hr-invisible.av-mmiwgqsu-f04d79abfd56fb780e2fadf6702fed15{\nheight:20px;\n}\n<\/style>\n<div  class='hr av-mmiwgqsu-f04d79abfd56fb780e2fadf6702fed15 hr-invisible  avia-builder-el-1  el_after_av_heading  el_before_av_two_fifth '><span class='hr-inner '><span class=\"hr-inner-style\"><\/span><\/span><\/div>\n<div  class='flex_column av-17w9e0b-3c5cb40642ff68f98c15537720e765a9 av_two_fifth  avia-builder-el-2  el_after_av_hr  el_before_av_three_fifth  first flex_column_div  '     ><p>\n<style type=\"text\/css\" data-created_by=\"avia_inline_auto\" id=\"style-css-av-mmiwg3eb-9d059d0551ff8fbad7f5d1d6ae1eef30\">\n.avia-image-container.av-mmiwg3eb-9d059d0551ff8fbad7f5d1d6ae1eef30 img.avia_image{\nbox-shadow:none;\n}\n.avia-image-container.av-mmiwg3eb-9d059d0551ff8fbad7f5d1d6ae1eef30 .av-image-caption-overlay-center{\ncolor:#ffffff;\n}\n<\/style>\n<div  class='avia-image-container av-mmiwg3eb-9d059d0551ff8fbad7f5d1d6ae1eef30 av-styling- avia-align-center  avia-builder-el-3  el_before_av_button  avia-builder-el-first '   itemprop=\"image\" itemscope=\"itemscope\" itemtype=\"https:\/\/schema.org\/ImageObject\" ><div class=\"avia-image-container-inner\"><div class=\"avia-image-overlay-wrap\"><img decoding=\"async\" fetchpriority=\"high\" class='wp-image-31340 avia-img-lazy-loading-not-31340 avia_image ' src=\"https:\/\/swissyarnfestival.ch\/wp-content\/uploads\/2026\/03\/IMG_5116_medium2.jpg\" alt='' title='IMG_5116_medium2'  height=\"640\" width=\"640\"  itemprop=\"thumbnailUrl\" srcset=\"https:\/\/swissyarnfestival.ch\/wp-content\/uploads\/2026\/03\/IMG_5116_medium2.jpg 640w, https:\/\/swissyarnfestival.ch\/wp-content\/uploads\/2026\/03\/IMG_5116_medium2-300x300.jpg 300w, https:\/\/swissyarnfestival.ch\/wp-content\/uploads\/2026\/03\/IMG_5116_medium2-80x80.jpg 80w, https:\/\/swissyarnfestival.ch\/wp-content\/uploads\/2026\/03\/IMG_5116_medium2-36x36.jpg 36w, https:\/\/swissyarnfestival.ch\/wp-content\/uploads\/2026\/03\/IMG_5116_medium2-180x180.jpg 180w, https:\/\/swissyarnfestival.ch\/wp-content\/uploads\/2026\/03\/IMG_5116_medium2-120x120.jpg 120w, https:\/\/swissyarnfestival.ch\/wp-content\/uploads\/2026\/03\/IMG_5116_medium2-450x450.jpg 450w, https:\/\/swissyarnfestival.ch\/wp-content\/uploads\/2026\/03\/IMG_5116_medium2-500x500.jpg 500w, https:\/\/swissyarnfestival.ch\/wp-content\/uploads\/2026\/03\/IMG_5116_medium2-100x100.jpg 100w\" sizes=\"(max-width: 640px) 100vw, 640px\" \/><\/div><\/div><\/div><br \/>\n<div  class='avia-button-wrap av-mmiybupa-eb625e38ce6c8f77acf55b17c7c364ff-wrap avia-button-center  avia-builder-el-4  el_after_av_image  avia-builder-el-last '><a href='https:\/\/swissyarnfestival.ch\/wp-content\/uploads\/2026\/03\/mamazone_Flyer_Umarmungstuch_SeiEinBuddy_8-2025_Version2_144dpi_75.pdf'  class='avia-button av-mmiybupa-eb625e38ce6c8f77acf55b17c7c364ff av-download-btn noLightbox avia-icon_select-no avia-size-large avia-position-center avia-color-theme-color' download  aria-label=\"Flyer herunterladen\"><span class='avia_iconbox_title' >Flyer herunterladen<\/span><\/a><\/div><\/p><\/div>\n<div  class='flex_column av-rzqyp7-78944a18a448c1f72bd692f65c793465 av_three_fifth  avia-builder-el-5  el_after_av_two_fifth  el_before_av_heading  flex_column_div  '     ><section  class='av_textblock_section av-mkqpmq47-4eabfe2479df95d73db282465435e33b '   itemscope=\"itemscope\" itemtype=\"https:\/\/schema.org\/CreativeWork\" ><div class='avia_textblock'  itemprop=\"text\" ><p class=\"isSelectedEnd\">Das Swiss Yarn Festival unterst\u00fctzt in diesem Jahr die wunderbare Umarmungstuch-Aktion &#8211; <strong>T\u00fccher f\u00fcr Frauen mit Brustkrebs symbolisch W\u00e4rme, Halt und Unterst\u00fctzung schenken<\/strong> &#8211; von<a href=\"https:\/\/www.mamazone.de\/\"><strong> mamazone <\/strong><\/a>und<a href=\"https:\/\/mairlynd.de\/de-int?srsltid=AfmBOoqG6s5gQrHl6kUvMNne2eHkgru5nX3Hj2hkmKkEqLp8pBA1dbZc\"><strong> Melanie Berg<\/strong><\/a> \u2013 und du kannst direkt vor Ort mitmachen!<\/p>\n<p class=\"isSelectedEnd\">Dank der grossz\u00fcgigen Unterst\u00fctzung von <a href=\"https:\/\/www.lana-grossa.de\/\"><strong>Lana Grossa<\/strong><\/a>, die viele Kn\u00e4uel f\u00fcr diese Aktion zur Verf\u00fcgung stellt, haben Festivalbesucherinnen und -besucher die M\u00f6glichkeit, selbst Teil dieses besonderen Gemeinschaftsprojekts zu werden.<\/p>\n<h3>So kannst du mitmachen<\/h3>\n<p class=\"isSelectedEnd\">Wenn du am Festival teilnimmst, komm einfach zur Information. Dort erh\u00e4ltst du:<\/p>\n<ul>\n<li class=\"isSelectedEnd\">ein Kn\u00e4uel Garn (gesponsert von Lana Grossa)<\/li>\n<li class=\"isSelectedEnd\">einen Flyer mit der Anleitung f\u00fcr die kleinen gestrickten Dreiecke<\/li>\n<\/ul>\n<h3>Stricken in gemeinschaftlicher Atmosph\u00e4re<\/h3>\n<p class=\"isSelectedEnd\">Du m\u00f6chtest dir w\u00e4hrend des Festivals eine kleine kreative Auszeit g\u00f6nnen? Dann komm in den 1. Stock in die Stricklounge. Dort kannst du dich gem\u00fctlich hinsetzen und in gemeinschaftlicher Atmosph\u00e4re deine Dreiecke stricken. Melanie Berg schaut ab und zu auch vorbei um mit euch zu plaudern.<\/p>\n<h3>Dreiecke abgeben<\/h3>\n<p class=\"isSelectedEnd\">Wenn dein Dreieck fertig ist (oder auch mehrere!), gib bitte die gestrickten Dreiecke und das \u00fcbrige Garn wieder an der Information ab. Von dort aus werden alle Beitr\u00e4ge gesammelt und sp\u00e4ter zu den Umarmungst\u00fcchern zusammengesetzt.<\/p>\n<p class=\"isSelectedEnd\">Ob du ein Dreieck strickst oder gleich mehrere \u2013 jedes einzelne hilft dabei, ein Zeichen der Solidarit\u00e4t zu setzen.<\/p>\n<h3>Mehr zur Umarmungstuch-Aktion<\/h3>\n<p class=\"isSelectedEnd\">Alle Informationen zur gesamten Aktion findest du hier:<br \/>\n<a href=\"https:\/\/www.mamazone.de\/umarmungstuch\/\">https:\/\/www.mamazone.de\/umarmungstuch\/<\/a><\/p>\n<p>Wir freuen uns sehr, wenn viele Festivalbesucherinnen und -besucher mitmachen und gemeinsam mit uns stricken.<\/p>\n<\/div><\/section><\/div><\/p>\n\n<style type=\"text\/css\" data-created_by=\"avia_inline_auto\" id=\"style-css-av-vcwmdq-d6d69aff3369bfdd29b8b98fb302dfbf\">\n#top .hr.hr-invisible.av-vcwmdq-d6d69aff3369bfdd29b8b98fb302dfbf{\nheight:50px;\n}\n<\/style>\n<div  class='hr av-vcwmdq-d6d69aff3369bfdd29b8b98fb302dfbf hr-invisible  avia-builder-el-8  el_after_av_heading  avia-builder-el-last '><span class='hr-inner '><span class=\"hr-inner-style\"><\/span><\/span><\/div>\n","protected":false},"excerpt":{"rendered":"","protected":false},"author":1,"featured_media":0,"parent":0,"menu_order":0,"comment_status":"closed","ping_status":"closed","template":"","meta":{"_eb_attr":"","footnotes":""},"class_list":["post-31339","page","type-page","status-publish","hentry"],"ams_acf":[],"_links":{"self":[{"href":"https:\/\/swissyarnfestival.ch\/index.php?rest_route=\/wp\/v2\/pages\/31339","targetHints":{"allow":["GET"]}}],"collection":[{"href":"https:\/\/swissyarnfestival.ch\/index.php?rest_route=\/wp\/v2\/pages"}],"about":[{"href":"https:\/\/swissyarnfestival.ch\/index.php?rest_route=\/wp\/v2\/types\/page"}],"author":[{"embeddable":true,"href":"https:\/\/swissyarnfestival.ch\/index.php?rest_route=\/wp\/v2\/users\/1"}],"replies":[{"embeddable":true,"href":"https:\/\/swissyarnfestival.ch\/index.php?rest_route=%2Fwp%2Fv2%2Fcomments&post=31339"}],"version-history":[{"count":20,"href":"https:\/\/swissyarnfestival.ch\/index.php?rest_route=\/wp\/v2\/pages\/31339\/revisions"}],"predecessor-version":[{"id":31507,"href":"https:\/\/swissyarnfestival.ch\/index.php?rest_route=\/wp\/v2\/pages\/31339\/revisions\/31507"}],"wp:attachment":[{"href":"https:\/\/swissyarnfestival.ch\/index.php?rest_route=%2Fwp%2Fv2%2Fmedia&parent=31339"}],"curies":[{"name":"wp","href":"https:\/\/api.w.org\/{rel}","templated":true}]}}

<style type="text/css" data-created_by="avia_inline_auto" id="style-css-av-m7uwmw70-424d57c425570aca70df61a3e247f7b2">
#top .av-special-heading.av-m7uwmw70-424d57c425570aca70df61a3e247f7b2{
padding-bottom:10px;
}
body .av-special-heading.av-m7uwmw70-424d57c425570aca70df61a3e247f7b2 .av-special-heading-tag .heading-char{
font-size:25px;
}
.av-special-heading.av-m7uwmw70-424d57c425570aca70df61a3e247f7b2 .av-subheading{
font-size:15px;
}
</style>
<div  class='av-special-heading av-m7uwmw70-424d57c425570aca70df61a3e247f7b2 av-special-heading-h4  avia-builder-el-0  el_before_av_hr  avia-builder-el-first '><h4 class='av-special-heading-tag '  itemprop="headline"  >Gemeinsam stricken beim Swiss Yarn Festival – mach mit bei der Umarmungstuch-Aktion</h4><div class="special-heading-border"><div class="special-heading-inner-border"></div></div></div>

<style type="text/css" data-created_by="avia_inline_auto" id="style-css-av-mmiwgqsu-f04d79abfd56fb780e2fadf6702fed15">
#top .hr.hr-invisible.av-mmiwgqsu-f04d79abfd56fb780e2fadf6702fed15{
height:20px;
}
</style>
<div  class='hr av-mmiwgqsu-f04d79abfd56fb780e2fadf6702fed15 hr-invisible  avia-builder-el-1  el_after_av_heading  el_before_av_two_fifth '><span class='hr-inner '><span class="hr-inner-style"></span></span></div>
<div  class='flex_column av-17w9e0b-3c5cb40642ff68f98c15537720e765a9 av_two_fifth  avia-builder-el-2  el_after_av_hr  el_before_av_three_fifth  first flex_column_div  '     ><p>
<style type="text/css" data-created_by="avia_inline_auto" id="style-css-av-mmiwg3eb-9d059d0551ff8fbad7f5d1d6ae1eef30">
.avia-image-container.av-mmiwg3eb-9d059d0551ff8fbad7f5d1d6ae1eef30 img.avia_image{
box-shadow:none;
}
.avia-image-container.av-mmiwg3eb-9d059d0551ff8fbad7f5d1d6ae1eef30 .av-image-caption-overlay-center{
color:#ffffff;
}
</style>
<div  class='avia-image-container av-mmiwg3eb-9d059d0551ff8fbad7f5d1d6ae1eef30 av-styling- avia-align-center  avia-builder-el-3  el_before_av_button  avia-builder-el-first '   itemprop="image" itemscope="itemscope" itemtype="https://schema.org/ImageObject" ><div class="avia-image-container-inner"><div class="avia-image-overlay-wrap"><img decoding="async" fetchpriority="high" class='wp-image-31340 avia-img-lazy-loading-not-31340 avia_image ' src="https://swissyarnfestival.ch/wp-content/uploads/2026/03/IMG_5116_medium2.jpg" alt='' title='IMG_5116_medium2'  height="640" width="640"  itemprop="thumbnailUrl" srcset="https://swissyarnfestival.ch/wp-content/uploads/2026/03/IMG_5116_medium2.jpg 640w, https://swissyarnfestival.ch/wp-content/uploads/2026/03/IMG_5116_medium2-300x300.jpg 300w, https://swissyarnfestival.ch/wp-content/uploads/2026/03/IMG_5116_medium2-80x80.jpg 80w, https://swissyarnfestival.ch/wp-content/uploads/2026/03/IMG_5116_medium2-36x36.jpg 36w, https://swissyarnfestival.ch/wp-content/uploads/2026/03/IMG_5116_medium2-180x180.jpg 180w, https://swissyarnfestival.ch/wp-content/uploads/2026/03/IMG_5116_medium2-120x120.jpg 120w, https://swissyarnfestival.ch/wp-content/uploads/2026/03/IMG_5116_medium2-450x450.jpg 450w, https://swissyarnfestival.ch/wp-content/uploads/2026/03/IMG_5116_medium2-500x500.jpg 500w, https://swissyarnfestival.ch/wp-content/uploads/2026/03/IMG_5116_medium2-100x100.jpg 100w" sizes="(max-width: 640px) 100vw, 640px" /></div></div></div><br />
<div  class='avia-button-wrap av-mmiybupa-eb625e38ce6c8f77acf55b17c7c364ff-wrap avia-button-center  avia-builder-el-4  el_after_av_image  avia-builder-el-last '><a href='https://swissyarnfestival.ch/wp-content/uploads/2026/03/mamazone_Flyer_Umarmungstuch_SeiEinBuddy_8-2025_Version2_144dpi_75.pdf'  class='avia-button av-mmiybupa-eb625e38ce6c8f77acf55b17c7c364ff av-download-btn noLightbox avia-icon_select-no avia-size-large avia-position-center avia-color-theme-color' download  aria-label="Flyer herunterladen"><span class='avia_iconbox_title' >Flyer herunterladen</span></a></div></p></div>
<div  class='flex_column av-rzqyp7-78944a18a448c1f72bd692f65c793465 av_three_fifth  avia-builder-el-5  el_after_av_two_fifth  el_before_av_heading  flex_column_div  '     ><section  class='av_textblock_section av-mkqpmq47-4eabfe2479df95d73db282465435e33b '   itemscope="itemscope" itemtype="https://schema.org/CreativeWork" ><div class='avia_textblock'  itemprop="text" ><p class="isSelectedEnd">Das Swiss Yarn Festival unterstützt in diesem Jahr die wunderbare Umarmungstuch-Aktion &#8211; <strong>Tücher für Frauen mit Brustkrebs symbolisch Wärme, Halt und Unterstützung schenken</strong> &#8211; von<a href="https://www.mamazone.de/"><strong> mamazone </strong></a>und<a href="https://mairlynd.de/de-int?srsltid=AfmBOoqG6s5gQrHl6kUvMNne2eHkgru5nX3Hj2hkmKkEqLp8pBA1dbZc"><strong> Melanie Berg</strong></a> – und du kannst direkt vor Ort mitmachen!</p>
<p class="isSelectedEnd">Dank der grosszügigen Unterstützung von <a href="https://www.lana-grossa.de/"><strong>Lana Grossa</strong></a>, die viele Knäuel für diese Aktion zur Verfügung stellt, haben Festivalbesucherinnen und -besucher die Möglichkeit, selbst Teil dieses besonderen Gemeinschaftsprojekts zu werden.</p>
<h3>So kannst du mitmachen</h3>
<p class="isSelectedEnd">Wenn du am Festival teilnimmst, komm einfach zur Information. Dort erhältst du:</p>
<ul>
<li class="isSelectedEnd">ein Knäuel Garn (gesponsert von Lana Grossa)</li>
<li class="isSelectedEnd">einen Flyer mit der Anleitung für die kleinen gestrickten Dreiecke</li>
</ul>
<h3>Stricken in gemeinschaftlicher Atmosphäre</h3>
<p class="isSelectedEnd">Du möchtest dir während des Festivals eine kleine kreative Auszeit gönnen? Dann komm in den 1. Stock in die Stricklounge. Dort kannst du dich gemütlich hinsetzen und in gemeinschaftlicher Atmosphäre deine Dreiecke stricken. Melanie Berg schaut ab und zu auch vorbei um mit euch zu plaudern.</p>
<h3>Dreiecke abgeben</h3>
<p class="isSelectedEnd">Wenn dein Dreieck fertig ist (oder auch mehrere!), gib bitte die gestrickten Dreiecke und das übrige Garn wieder an der Information ab. Von dort aus werden alle Beiträge gesammelt und später zu den Umarmungstüchern zusammengesetzt.</p>
<p class="isSelectedEnd">Ob du ein Dreieck strickst oder gleich mehrere – jedes einzelne hilft dabei, ein Zeichen der Solidarität zu setzen.</p>
<h3>Mehr zur Umarmungstuch-Aktion</h3>
<p class="isSelectedEnd">Alle Informationen zur gesamten Aktion findest du hier:<br />
<a href="https://www.mamazone.de/umarmungstuch/">https://www.mamazone.de/umarmungstuch/</a></p>
<p>Wir freuen uns sehr, wenn viele Festivalbesucherinnen und -besucher mitmachen und gemeinsam mit uns stricken.</p>
</div></section></div></p>

<style type="text/css" data-created_by="avia_inline_auto" id="style-css-av-vcwmdq-d6d69aff3369bfdd29b8b98fb302dfbf">
#top .hr.hr-invisible.av-vcwmdq-d6d69aff3369bfdd29b8b98fb302dfbf{
height:50px;
}
</style>
<div  class='hr av-vcwmdq-d6d69aff3369bfdd29b8b98fb302dfbf hr-invisible  avia-builder-el-8  el_after_av_heading  avia-builder-el-last '><span class='hr-inner '><span class="hr-inner-style"></span></span></div>
